{"id":8,"date":"2023-12-21T14:21:07","date_gmt":"2023-12-21T14:21:07","guid":{"rendered":"https:\/\/ap-slide.com\/?page_id=8"},"modified":"2024-02-06T10:31:32","modified_gmt":"2024-02-06T09:31:32","slug":"rolunk","status":"publish","type":"page","link":"https:\/\/ap-slide.com\/","title":{"rendered":"R\u00f3lunk"},"content":{"rendered":"<p style=\"text-align: justify;\"><span style=\"font-size: 18pt; color: #000080;\">Az AP -Slide s.r.o. (Kft.) alapvet\u0151en azzal a c\u00e9llal l\u00e9tes\u00fclt, hogy az \u201eITM 24\/2020\u201d rendeletben szab\u00e1lyozott k\u00f6vetelm\u00e9nyrendszer szerint jav\u00edtson \u00e9s \u00faj\u00edtson fel cs\u00faszd\u00e1kat.\u00a0 A fel\u00faj\u00edt\u00e1sokat, dokument\u00e1l\u00e1sokat \u00e9s ig\u00e9ny eset\u00e9n a tan\u00fas\u00edt\u00e1ssal z\u00e1r\u00f3d\u00f3 teljes k\u00f6r\u0171 \u00fcgyint\u00e9z\u00e9st T\u00e1rsas\u00e1gunk 2021 szeptembere \u00f3ta v\u00e9gzi.<\/span><\/p>\n<p style=\"text-align: justify;\"><span style=\"font-size: 18pt; color: #000080;\">T\u00e1rsas\u00e1gunk a tev\u00e9kenys\u00e9g v\u00e9gz\u00e9s\u00e9hez a rendeletben el\u0151\u00edrt szakmai jogosults\u00e1gok mindegyik\u00e9vel rendelkezik. Ezek alapj\u00e1t az ISO 9001 szakmai tan\u00fas\u00edtv\u00e1ny k\u00e9pezi, de T\u00e1rsas\u00e1gunk \u00e1lland\u00f3 megb\u00edz\u00e1s form\u00e1j\u00e1ban foglalkoztat \u201eSZ\u00c9S1\u201d kamarai jogosults\u00e1g\u00fa \u00e9p\u00edt\u00e9sz statikust, illetve partnerszerz\u0151d\u00e9s alapj\u00e1n a f\u00e9mszerkezetekkel kapcsolatos feladatv\u00e9gz\u00e9sekhez is biztos\u00edtani tudjuk az EN 1090 m\u0171hely tan\u00fas\u00edtv\u00e1ny felt\u00e9tel\u00e9t.<\/span><\/p>\n<p style=\"text-align: center;\"><div id=\"metaslider-id-111\" style=\"max-width: 700px;\" class=\"ml-slider-3-61-0 metaslider metaslider-flex metaslider-111 ml-slider ms-theme-default nav-hidden\" role=\"region\" aria-roledescription=\"Slideshow\" aria-label=\"tanusitvany\">\n    <div id=\"metaslider_container_111\">\n        <div id=\"metaslider_111\">\n            <ul aria-live=\"polite\" class=\"slides\">\n                <li style=\"display: block; width: 100%;\" class=\"slide-115 ms-image \" aria-roledescription=\"slide\" aria-label=\"slide-115\"><img loading=\"lazy\" decoding=\"async\" width=\"620\" height=\"876\" src=\"https:\/\/ap-slide.com\/wp-content\/uploads\/2023\/12\/tanusitvany.jpg\" class=\"slider-111 slide-115\" alt=\"\" rel=\"\" title=\"tanusitvany\" srcset=\"https:\/\/ap-slide.com\/wp-content\/uploads\/2023\/12\/tanusitvany.jpg 620w, https:\/\/ap-slide.com\/wp-content\/uploads\/2023\/12\/tanusitvany-212x300.jpg 212w\" sizes=\"(max-width: 620px) 100vw, 620px\" \/><\/li>\n                <li style=\"display: none; width: 100%;\" class=\"slide-116 ms-image \" aria-roledescription=\"slide\" aria-label=\"slide-116\"><img loading=\"lazy\" decoding=\"async\" width=\"620\" height=\"876\" src=\"https:\/\/ap-slide.com\/wp-content\/uploads\/2023\/12\/certificate.jpg\" class=\"slider-111 slide-116\" alt=\"\" rel=\"\" title=\"certificate\" srcset=\"https:\/\/ap-slide.com\/wp-content\/uploads\/2023\/12\/certificate.jpg 620w, https:\/\/ap-slide.com\/wp-content\/uploads\/2023\/12\/certificate-212x300.jpg 212w\" sizes=\"(max-width: 620px) 100vw, 620px\" \/><\/li>\n                <li style=\"display: none; width: 100%;\" class=\"slide-117 ms-image \" aria-roledescription=\"slide\" aria-label=\"slide-117\"><img loading=\"lazy\" decoding=\"async\" width=\"620\" height=\"876\" src=\"https:\/\/ap-slide.com\/wp-content\/uploads\/2023\/12\/zertifikat.jpg\" class=\"slider-111 slide-117\" alt=\"\" rel=\"\" title=\"zertifikat\" srcset=\"https:\/\/ap-slide.com\/wp-content\/uploads\/2023\/12\/zertifikat.jpg 620w, https:\/\/ap-slide.com\/wp-content\/uploads\/2023\/12\/zertifikat-212x300.jpg 212w\" sizes=\"(max-width: 620px) 100vw, 620px\" \/><\/li>\n            <\/ul>\n        <\/div>\n        \n    <\/div>\n<\/div><\/p>\n","protected":false},"excerpt":{"rendered":"<p>Az AP -Slide s.r.o. (Kft.) alapvet\u0151en azzal a c\u00e9llal l\u00e9tes\u00fclt, hogy az \u201eITM 24\/2020\u201d rendeletben szab\u00e1lyozott k\u00f6vetelm\u00e9nyrendszer szerint jav\u00edtson \u00e9s \u00faj\u00edtson fel cs\u00faszd\u00e1kat.\u00a0 A fel\u00faj\u00edt\u00e1sokat, dokument\u00e1l\u00e1sokat \u00e9s ig\u00e9ny eset\u00e9n a tan\u00fas\u00edt\u00e1ssal z\u00e1r\u00f3d\u00f3 teljes k\u00f6r\u0171 \u00fcgyint\u00e9z\u00e9st T\u00e1rsas\u00e1gunk 2021 szeptembere \u00f3ta v\u00e9gzi. T\u00e1rsas\u00e1gunk a tev\u00e9kenys\u00e9g v\u00e9gz\u00e9s\u00e9hez a rendeletben el\u0151\u00edrt szakmai jogosults\u00e1gok mindegyik\u00e9vel rendelkezik. Ezek alapj\u00e1t az ISO &#8230; <a title=\"R\u00f3lunk\" class=\"read-more\" href=\"https:\/\/ap-slide.com\/\" aria-label=\"Read more about R\u00f3lunk\">Olvass tov\u00e1bb<\/a><\/p>\n","protected":false},"author":1,"featured_media":0,"parent":0,"menu_order":0,"comment_status":"closed","ping_status":"closed","template":"","meta":{"footnotes":""},"_links":{"self":[{"href":"https:\/\/ap-slide.com\/index.php?rest_route=\/wp\/v2\/pages\/8"}],"collection":[{"href":"https:\/\/ap-slide.com\/index.php?rest_route=\/wp\/v2\/pages"}],"about":[{"href":"https:\/\/ap-slide.com\/index.php?rest_route=\/wp\/v2\/types\/page"}],"author":[{"embeddable":true,"href":"https:\/\/ap-slide.com\/index.php?rest_route=\/wp\/v2\/users\/1"}],"replies":[{"embeddable":true,"href":"https:\/\/ap-slide.com\/index.php?rest_route=%2Fwp%2Fv2%2Fcomments&post=8"}],"version-history":[{"count":5,"href":"https:\/\/ap-slide.com\/index.php?rest_route=\/wp\/v2\/pages\/8\/revisions"}],"predecessor-version":[{"id":427,"href":"https:\/\/ap-slide.com\/index.php?rest_route=\/wp\/v2\/pages\/8\/revisions\/427"}],"wp:attachment":[{"href":"https:\/\/ap-slide.com\/index.php?rest_route=%2Fwp%2Fv2%2Fmedia&parent=8"}],"curies":[{"name":"wp","href":"https:\/\/api.w.org\/{rel}","templated":true}]}}